10
Let g = -1201 - -1283. Calculate the greatest common factor of 14 and g.
2
Suppose -2*f + 3 = -9. Suppose -3*m = -f*m + 12. Let a = -2512 + 2516. What is the highest common factor of m and a?
4
Let z(p) = -12*p**3 - 65*p**2 - 21*p - 117. Let a be z(-13). What is the greatest common factor of a and 130?
65
Let v = 383 - 388. Let j be ((-161)/v + -1)*20/3. What is the highest common divisor of j and 32?
16
Let y = 14 - 14. Suppose -4*w + f - 4*f = -486, 4*w + 2*f - 484 = y. Suppose -1008 = 725*o - 746*o. What is the highest common factor of w and o?
24
Suppose -2*m = -164 - 28. Let p = 261 - m. Suppose 87 = 5*k + 3*s, 2*k - 3*s - 18 = -0*k. Calculate the greatest common divisor of k and p.
15
Let w(a) = 3*a**2 + 2*a + 4. Let o be w(-1). Suppose -192 = i - o*i. What is the greatest common divisor of 6 and i?
6
Let i be (7 - 1) + (-2)/(-3) + (-8928)/(-54). Calculate the greatest common divisor of 1849 and i.
43
Let a be 0 - 168/14 - -26. Suppose 8*i = 13*i - 10. Suppose -i*y + 76 = y + 4*z, 2*z + 144 = 5*y. What is the greatest common factor of a and y?
14
Let b be 50/18 + 102/459 - (-10)/2. Suppose -3*p - 35 + 131 = 0. Calculate the highest common factor of b and p.
8
Suppose -19*a + 18169 = -31972. What is the highest common divisor of 546 and a?
91
Let j(p) = p**2 - p - 20. Let x be j(-4). Suppose 5*z - 17*z + 204 = x. Suppose -23*t + 240 = -z*t. Calculate the highest common divisor of 5 and t.
5
Suppose 3*t = -3*m + 53469, -10*t - 47*m + 178254 = -49*m. What is the highest common factor of 23 and t?
23
Let g(j) = -3*j**2 + 9*j + 3. Let c be g(3). Suppose 4*h - 86 = c*n + 24, -5*h + 120 = 5*n. Calculate the greatest common divisor of 26 and h.
26
Suppose -379*y = -382*y - 1269. Let q = 655 + y. Calculate the greatest common factor of q and 87.
29
Suppose 0 = 425*k - 303*k - 1464. Let w(x) = -x**3 + 4*x**2 + 8*x - 5. Let u be w(5). Let c = u + -6. Calculate the highest common divisor of k and c.
4
Suppose 4*x = 3*i - 282, -2*x + 496 = -54*i + 59*i. Calculate the greatest common factor of i and 574.
14
Suppose -17*b = -1760 + 485. Suppose 8*f - b - 37 = 0. Suppose 2 = -0*c + c. What is the highest common divisor of f and c?
2
Let w = -31 - -34. Let i be 1/((2/w)/((-16)/(-12))). Let p be i - (2 - 222)/(-4)*-2. What is the greatest common divisor of 14 and p?
14
Suppose -26*x + 27*x + 2*h = 88, 5*x = -2*h + 440. Calculate the greatest common divisor of 2332 and x.
44
Suppose -j + 4*h = -2468, 3*j + 464*h - 7508 = 463*h. What is the greatest common divisor of j and 15?
5
Let d be 1 + -1 + -570 + -13. Let s = -375 - d. Calculate the greatest common factor of s and 234.
26
Suppose 1883*j - 1870*j - 10283 = 0. What is the highest common factor of j and 1808?
113
Let x(d) = 17*d + 5*d - 2*d**2 - 8 - 12. Suppose -5*l = 4*r - 25, l - 2*r + 1194 = 1213. Let u be x(l). What is the highest common factor of u and 32?
16
Let b = -104 + 107. Suppose -b*m = 5*j - 5*m + 85, -3*j = -4*m + 65. Let d be -4 - 70/j - (-1)/3. Calculate the highest common factor of d and 2.
1
Let l = 6132 + -6125. Let m be ((-3)/6)/((-1)/98). Suppose -3*o = 2*w - 21, 5*o + 3*w + 14 = m. Calculate the highest common divisor of o and l.
7
Let c be -14 - (2/11 + 20/11). Let g be 9/2*c/(-6). Suppose -15*x + g*x = -9. What is the highest common factor of x and 9?
3
Let z(k) = -6*k - 15. Let q be z(-4). Suppose 14*g = q*g + 60. Suppose -36 + 4 = -4*w. Calculate the highest common divisor of w and g.
4
Suppose -5*x = 3*h - 9, -4*x = -5*h - 9 - 13. Let p be 212/6 - x - (-1)/(-3). What is the greatest common factor of 80 and p?
16
Suppose -j = -2*t - 3862, -15 + 20 = 5*t. Calculate the greatest common divisor of j and 69.
69
Let m(r) = 6*r**3 + 6*r**2 + 2*r + 10. Let b be m(-3). Let n = 124 + -180. Let k = n - b. What is the greatest common divisor of k and 12?
12
Let a be 1110712/119 - 2/(-7). Suppose 10*y = 3586 + a. Calculate the greatest common divisor of y and 76.
76
Let u(p) = 1555*p - 6203. Let i be u(17). What is the greatest common factor of 72 and i?
72
Let s = 6828 + -6619. What is the greatest common divisor of 33 and s?
11
Suppose 4*q = -2*x + 6*x - 3248, -5*x = q - 4084. Let z be -2 - x/((-12)/4). What is the highest common divisor of 18 and z?
18
Let o be -14*(-1098)/36 - -7. Calculate the highest common divisor of o and 1414.
14
Suppose -2*b - 6 = 4*h, h = -3*b - b - 12. Suppose -3*n - 4*i + 728 = h, -i = -2*n + 6*n - 962. Calculate the highest common factor of 15 and n.
15
Suppose 278 = 2*y + 32. Let f = 793 - 680. Suppose 3*w = -n + 128, 40*n - f = -3*w + 42*n. What is the greatest common divisor of w and y?
41
Let y = 19 + 9. Suppose 0 = 2*w - 4*n - 516, -727 = -2*w - 10*n - 253. What is the highest common divisor of w and y?
28
Let u be 12 + (0 + -2)/(-1). Let x(r) = -r**2 - 82*r + 2654. Let y be x(-100). Calculate the greatest common divisor of y and u.
14
Let f be (-69)/207*(-12)/(-1). Let t(j) = 7*j + 42. Let w be t(f). What is the greatest common factor of w and 112?
14
Let w be 12 - (-742 + 6 + -8). Calculate the highest common factor of 56 and w.
28
Let d = -446 + 450. Suppose -d*b = 4, 9*b = -4*f + 8*b + 243. What is the highest common factor of f and 671?
61
Suppose 54*r = -205*r + 66045. What is the greatest common factor of r and 85?
85
Let a be (-22 - 0)*(-4)/(40/15). Let y(u) = 63*u**2 - u - 2. Let g be y(-1). Let f = -51 + g. Calculate the greatest common factor of f and a.
11
Suppose -v + 6*v - 154 = i, 4*v = 2*i + 128. Suppose -9*r + 51 = -v. Let p = 34 - -11. Calculate the highest common factor of r and p.
9
Let n = 8521 + -7505. What is the highest common divisor of 1778 and n?
254
Suppose 2*m + 2 = -0*m, 9 = 4*n + 3*m. Suppose u - n*u = -4. Suppose 0 = -5*f + 5, g + u*f = -0*g + 8. Calculate the highest common divisor of 9 and g.
3
Let y be ((-13)/26)/((-6)/324). Calculate the highest common factor of 18 and y.
9
Suppose -5*t = -4*m + 2040, -201*m + 2*t = -206*m + 2616. What is the highest common factor of m and 2840?
40
Suppose 14*g - 212 = -100. Calculate the highest common factor of 83 and g.
1
Let w(g) = -177*g + 4045. Let i be w(13). Calculate the greatest common factor of 64 and i.
16
Let b = 1 - 38. Let n = b - -27. Let p be 7/(28/(-16)) - n. What is the greatest common factor of 6 and p?
6
Suppose -t = -11*t + 90. Let g be -2 + -1 + 3 + 0. Suppose -4*w + a - 5*a + 188 = g, 143 = 3*w + 4*a. Calculate the greatest common factor of t and w.
9
Let z(a) = -a**3 - 4*a**2 - 5*a + 15. Let l be z(-5). Let c = 1644 + -1618. What is the highest common factor of c and l?
13
Suppose 10*n + 45*n = -43*n + 52920. Suppose -2*p + 40 = 2*p. What is the highest common divisor of p and n?
10
Let l be 72/(1188/33) + 103. Suppose 2*p - 134 = 16. What is the highest common divisor of p and l?
15
Let u = 246 - 156. Suppose 0 = 4*m - 12, -6*m = 212*n - 215*n + 12. Calculate the highest common factor of u and n.
10
Let k = -13 + 21. Suppose 0 = -x - 6, 12*m = 7*m - x + 4. What is the greatest common divisor of m and k?
2
Let x = -429 + 549. Let f = 12 - 21. Let m = f - -24. Calculate the greatest common factor of x and m.
15
Let k = 21 - 18. Suppose 5*j - k*c = 77, c + 0*c + 15 = j. Suppose -j*x + 18*x = 42. Calculate the highest common factor of 231 and x.
21
Suppose i - 216*o - 194 = -220*o, 0 = -2*o + 4. What is the highest common factor of i and 4402?
62
Suppose 6*g + 46 = 76. Suppose -4*i = -5*r - 167, -2*r = -g*i - 0*i + 230. What is the highest common factor of i and 176?
16
Let n = -151 - -18007. What is the highest common divisor of n and 62?
62
Suppose 22 = -10*m + 12. Let b be 10/2*m + 10 + 55. Calculate the greatest common divisor of 30 and b.
30
Let d(r) = -11*r + 32. Let l be d(-8). Let h = 394 - 233. Let n = h - 81. What is the greatest common factor of l and n?
40
Suppose -5*i - 418 = 5*o - 993, 2*i - 239 = -5*o. What is the highest common divisor of i and 518?
14
Let c = -141 + 289. Let h be c*(-4 - (-54)/8). What is the highest common divisor of h and 11?
11
Suppose 3*b + 5*j = 33, b + b - 27 = -5*j. Let d be 11 - (b - (-2)/(-1)). Calculate the highest common divisor of d and 21.
7
Let i be (-43)/(-2*1*122/488). What is the greatest common divisor of i and 120?
2
Let d = 11549 - 11505. Calculate the highest common factor of 4565 and d.
11
Let y be (-